lculate the remainder when 29 is divided by 16.
13
What is the remainder when 579 is divided by 45?
39
What is the remainder when 541 is divided by 118?
69
Calculate the remainder when 4846 is divided by 24.
22
Calculate the remainder when 6959 is divided by 3.
2
What is the remainder when 49 is divided by 19?
11
Calculate the remainder when 31 is divided by 2.
1
Calculate the remainder when 72 is divided by 26.
20
Calculate the remainder when 5279 is divided by 16.
15
What is the remainder when 7868 is divided by 10?
8
Calculate the remainder when 197 is divided by 20.
17
Calculate the remainder when 270 is divided by 16.
14
Calculate the remainder when 506 is divided by 39.
38
What is the remainder when 12758 is divided by 220?
218
Calculate the remainder when 241 is divided by 21.
10
What is the remainder when 287 is divided by 32?
31
What is the remainder when 669 is divided by 222?
3
What is the remainder when 323 is divided by 65?
63
What is the remainder when 198 is divided by 72?
54
Calculate the remainder when 256 is divided by 7.
4
What is the remainder when 802 is divided by 8?
2
What is the remainder when 2861 is divided by 56?
5
Calculate the remainder when 602 is divided by 74.
10
Calculate the remainder when 303 is divided by 99.
6
Calculate the remainder when 4168 is divided by 15.
13
Calculate the remainder when 203 is divided by 20.
3
What is the remainder when 270 is divided by 13?
10
Calculate the remainder when 220 is divided by 111.
109
Calculate the remainder when 64 is divided by 16.
0
Calculate the remainder when 724 is divided by 73.
67
Calculate the remainder when 407 is divided by 131.
14
What is the remainder when 3186 is divided by 12?
6
What is the remainder when 439 is divided by 34?
31
Calculate the remainder when 211 is divided by 113.
98
What is the remainder when 1614 is divided by 95?
94
Calculate the remainder when 4232 is divided by 1058.
0
What is the remainder when 1640 is divided by 519?
83
What is the remainder when 22 is divided by 3?
1
What is the remainder when 99 is divided by 13?
8
Calculate the remainder when 8249 is divided by 150.
149
What is the remainder when 260 is divided by 6?
2
Calculate the remainder when 6124 is divided by 125.
124
Calculate the remainder when 1360 is divided by 36.
28
What is the remainder when 130 is divided by 16?
2
Calculate the remainder when 122 is divided by 6.
2
Calculate the remainder when 827 is divided by 46.
45
What is the remainder when 559 is divided by 56?
55
What is the remainder when 306 is divided by 106?
94
What is the remainder when 12727 is divided by 148?
147
What is the remainder when 501 is divided by 42?
39
Calculate the remainder when 3150 is divided by 38.
34
Calculate the remainder when 5022 is divided by 157.
155
Calculate the remainder when 675 is divided by 52.
51
Calculate the remainder when 3869 is divided by 15.
14
What is the remainder when 275 is divided by 72?
59
What is the remainder when 43 is divided by 17?
9
What is the remainder when 11729 is divided by 7?
4
Calculate the remainder when 191 is divided by 37.
6
What is the remainder when 336 is divided by 22?
6
What is the remainder when 2068 is divided by 115?
113
What is the remainder when 523 is divided by 473?
50
Calculate the remainder when 15 is divided by 4.
3
What is the remainder when 797 is divided by 260?
17
What is the remainder when 2068 is divided by 995?
78
What is the remainder when 19 is divided by 8?
3
What is the remainder when 1104 is divided by 94?
70
What is the remainder when 106 is divided by 36?
34
Calculate the remainder when 55 is divided by 17.
4
Calculate the remainder when 260 is divided by 39.
26
What is the remainder when 4209 is divided by 162?
159
Calculate the remainder when 100 is divided by 88.
12
What is the remainder when 268 is divided by 156?
112
Calculate the remainder when 458 is divided by 378.
80
What is the remainder when 882 is divided by 50?
32
Calculate the remainder when 80 is divided by 45.
35
Calculate the remainder when 3694 is divided by 373.
337
Calculate the remainder when 78 is divided by 3.
0
Calculate the remainder when 560 is divided by 2.
0
What is the remainder when 573 is divided by 115?
113
What is the remainder when 230 is divided by 138?
92
Calculate the remainder when 278 is divided by 5.
3
Calculate the remainder when 1530 is divided by 21.
18
What is the remainder when 585 is divided by 21?
18
What is the remainder when 19990 is divided by 204?
202
What is the remainder when 3328 is divided by 49?
45
Calculate the remainder when 18 is divided by 6.
0
Calculate the remainder when 323 is divided by 9.
8
Calculate the remainder when 70 is divided by 29.
12
Calculate the remainder when 236 is divided by 48.
44
What is the remainder when 2612 is divided by 39?
38
What is the remainder when 13 is divided by 6?
1
Calculate the remainder when 7556 is divided by 236.
4
What is the remainder when 1231 is divided by 29?
13
Calculate the remainder when 131 is divided by 12.
11
What is the remainder when 719 is divided by 9?
8
What is the remainder when 79 is divided by 40?
39
What is the remainder when 129 is divided by 26?
25
Calculate the remainder when 603 is divided by 55.
53
Calculate the remainder when 675 is divided by 36.
27
Calculate the remainder when 162 is divided by 21.
15
Calculate the remainder when 86 is divided by 9.
5
Calculate the remainder when 61 is divided by 12.
1
Calculate the remainder when 23605 is divided by 104.
101
What is the remainder when 495 is divided by 16?
15
What is the remainder when 289 is divided by 42?
37
Calculate the remainder when 313 is divided by 40.
33
Calculate the remainder when 3804 is divided by 1901.
2
Calculate the remainder when 1246 is divided by 32.
30
What is the remainder when 182 is divided by 37?
34
Calculate the remainder when 379 is divided by 189.
1
Calculate the remainder when 121 is divided by 86.
35
What is the remainder when 31 is divided by 8?
7
What is the remainder when 199 is divided by 20?
19
Calculate the remainder when 1007 is divided by 84.
83
Calculate the remainder when 1085 is divided by 155.
0
Calculate the remainder when 12454 is divided by 24.
22
Calculate the remainder when 1903 is divided by 929.
45
What is the remainder when 246 is divided by 246?
0
Calculate the remainder when 601 is divided by 101.
96
Calculate the remainder when 87 is divided by 8.
7
What is the remainder when 7400 is divided by 3?
2
Calculate the remainder when 45 is divided by 13.
6
What is the remainder when 89 is divided by 14?
5
What is the remainder when 164 is divided by 51?
11
Calculate the remainder when 59 is divided by 16.
11
Calculate the remainder when 544 is divided by 541.
3
Calculate the remainder when 212 is divided by 43.
40
Calculate the remainder when 43 is divided by 20.
3
Calculate the remainder when 999 is divided by 100.
99
Calculate the remainder when 986 is divided by 33.
29
What is the remainder when 742 is divided by 241?
19
What is the remainder when 216 is divided by 13?
8
Calculate the remainder when 4363 is divided by 15.
13
Calculate the remainder when 239 is divided by 82.
75
Calculate the remainder when 3806 is divided by 103.
98
What is the remainder when 644 is divided by 316?
12
Calculate the remainder when 2313 is divided by 1148.
17
What is the remainder when 54 is divided by 17?
3
Calculate the remainder when 386 is divided by 122.
20
Calculate the remainder when 5557 is divided by 139.
136
What is the remainder when 189 is divided by 29?
15
What is the remainder when 256 is divided by 26?
22
Calculate the remainder when 440 is divided by 27.
8
What is the remainder when 286 is divided by 111?
64
Calculate the remainder when 21317 is divided by 374.
373
What is the remainder when 617 is divided by 10?
7
What is the remainder when 149 is divided by 137?
12
What is the remainder when 2549 is divided by 79?
21
What is the remainder when 692 is divided by 63?
62
What is the remainder when 619 is divided by 108?
79
What is the remainder when 313 is divided by 21?
19
What is the remainder when 70 is divided by 54?
16
What is the remainder when 6714 is divided by 48?
42
What is the remainder when 95 is divided by 74?
21
What is the 